vided by 28.
26
Let s be 0 + 2 + 2 + 0. Suppose s*b = -3*l - 7, 5*b = 9*b + l - 3. Suppose -3*j = b*j - 130. Calculate the remainder when j is divided by 9.
8
Suppose 0 = -4*b + 4*w - 8, 6*w = 4*w + 6. Let v = b + 1. Suppose -v*r + 27 = -37. Calculate the remainder when r is divided by 17.
15
Let v = -23 + 44. Let b be (-3 - (-14)/(-8))*-4. Let z = -8 + b. What is the remainder when v is divided by z?
10
Suppose 24 + 27 = 3*r. What is the remainder when 50 is divided by r?
16
Let i = 6 + 10. What is the remainder when 65 is divided by i + (3 - (-6)/(-3))?
14
Suppose -3*k + 431 - 98 = 0. What is the remainder when k is divided by 28?
27
Suppose -1 = 5*j + 54. Let k(y) = y**3 + 10*y**2 - 14*y - 6. What is the remainder when k(j) is divided by 15?
12
Let h = 6 + -4. Suppose -b + 11 + h = 0. Calculate the remainder when 25 is divided by b.
12
Let q(g) = -g - 6. Let l be q(-8). Let v(m) = 2*m**3 - m**2 - 2. Let b be v(l). Let i = 49 - b. Calculate the remainder when i is divided by 20.
19
Calculate the remainder when (-3)/((-18)/(-20))*(-120)/10 is divided by 14.
12
Let t = 7 - 2. Let l(q) = q + 5. Let v be l(-5). What is the remainder when t is divided by v/(-1) + (6 - 3)?
2
Let s be 1/2 + (-55)/10. Let u = s - -19. Calculate the remainder when 41 is divided by u.
13
What is the remainder when 95 is divided by 2/((1/(-1))/((-8)/2))?
7
Suppose 0 = -2*z - 0 - 2. Suppose -4*b - 2*l = l - 4, -4*l = 4*b. Calculate the remainder when (1 - 1 - z) + b is divided by 3.
2
Suppose -k + 2*k - 47 = 0. Calculate the remainder when k is divided by 16.
15
Let v be ((-28)/42)/(4/6). What is the remainder when 2*v + 0 + 33 is divided by 17?
14
Let c = 9 - 5. Suppose -5*b - 3*q + 78 = 0, c*b - 6*b = q - 31. Let y = b - -1. Calculate the remainder when 47 is divided by y.
15
Let x be (-4)/((-12)/(-123)) - -2. What is the remainder when 28 is divided by x/(-3) + 0 + 2?
13
Let k = 15 - 7. Calculate the remainder when 15 is divided by k.
7
Let y = 2 + -1. Suppose -115 = -8*b + 3*b. Calculate the remainder when b is divided by (2/y)/(4/24).
11
Suppose 0 = 2*a + 3*t + 8, 3*a = 7*a + 2*t. Let c(l) = -l**2 - 14*l + 7. What is the remainder when c(-13) is divided by (1/((-2)/(-28)))/a?
6
Suppose -4*t = -2*t - 4. Suppose 3*j = 5 - t. Let w(q) = -q**2 - 6*q + 1. What is the remainder when j is divided by w(-6)?
0
Suppose -143 - 223 = -6*b. Calculate the remainder when b is divided by 21.
19
Suppose 2*t - 6 = 4. Suppose -8*j - 13 = x - 3*j, -16 = -t*x + 2*j. Suppose 0 = g + x*g - 12. Calculate the remainder when g is divided by 3.
1
Let s = -82 - -85. What is the remainder when s is divided by 2/10 - (-9)/5?
1
Suppose 2*d - 6*d + 36 = i, 3*i = 5*d - 62. Calculate the remainder when 39 is divided by d.
9
Let h(y) = -y**3 + 6*y**2 - 6*y + 3. Let g be h(5). Let t be 70/4 - (-2)/4. Let d = g + t. Calculate the remainder when 31 is divided by d.
15
Suppose -j + 4*j - m - 3 = 0, -m = -4*j + 4. Let f(y) = 32*y**2. What is the remainder when f(j) is divided by 11?
10
Let j(w) = -w**3 + 9*w**2 - w + 12. Let u be 4/(-6) + 87/9. Let x be j(u). Suppose -58 = -x*o + o. What is the remainder when o is divided by 10?
9
Let f be 1/1*12/(-2). Let h(g) be the second derivative of g**5/20 + g**4/2 - g**3/3 - 3*g**2/2 + 11*g. What is the remainder when h(f) is divided by 6?
3
Let o(x) = -41*x - 1. Suppose -11 = p + 2*s - 1, s = -2*p - 14. What is the remainder when o(-1) is divided by -1 - (p/(-2) - 18)?
12
Let c(x) = -9*x - 2. Let d be 6/21 + 66/14. Suppose -y = 2*l - 6*l - 21, -d*y = 2*l - 39. Calculate the remainder when c(-3) is divided by y.
7
Let u(l) = -l**2 + 8*l + 1. Calculate the remainder when 20 is divided by u(7).
4
Suppose -69 = -2*r - b + 5, 3*b - 74 = -2*r. What is the remainder when r is divided by 13?
11
Let l(o) = 2*o - 6. Let d be l(5). Suppose -q + d*q = 153. What is the remainder when q is divided by 13?
12
Calculate the remainder when (1 - 9)*(-3 + 2) is divided by 4.
0
Suppose 2*v = -3*r - 1, -3 = 2*v + 5*r - 4. Let n(q) be the second derivative of q**4/4 - q**3/6 - q**2/2 - q. What is the remainder when 24 is divided by n(v)?
11
What is the remainder when (6/3 - 12)*-5 is divided by 13?
11
Suppose 6 + 3 = 3*c + h, 5*h - 9 = -3*c. Let w be 54/(-8) + c/(-12). Let y = -2 - w. Calculate the remainder when 8 is divided by y.
3
Let t = 28 + -9. Calculate the remainder when t is divided by 7.
5
Let a(q) = 9*q**3 + 2*q**2 - 2*q + 1. Let r be a(1). Let i(p) = -p + 13. What is the remainder when 6/1 + (-6)/3 is divided by i(r)?
1
Let r(v) be the first derivative of 2*v**2 - 17*v - 7. What is the remainder when 74 is divided by r(9)?
17
Let f(y) = -y**3 + 8*y**2 - 6*y - 4. Let b be f(7). Suppose 4*a - 44 - 33 = b*v, a - 4*v - 29 = 0. Calculate the remainder when 50 is divided by a.
16
Let i(m) = 6*m + 1. Let l be i(1). Let n(j) = -9*j**2 + l*j + 2*j**2 + 9 + 8*j**2. What is the remainder when n(-9) is divided by 14?
13
Let r(l) = l**3 + 13*l**2 - 14*l + 13. Let m(h) = 2*h**3 + 4*h**2 - 4*h + 2. Let o be m(-4). Calculate the remainder when o/(-4)*(-8)/(-4) is divided by r(-14).
10
Calculate the remainder when 12 is divided by ((2 - 7) + -1)/(6/(-4)).
0
Suppose -z + 131 = z + 3*r, 4*z + 3*r - 253 = 0. Calculate the remainder when z is divided by 22.
17
Let y = 0 + -2. Suppose 224 = -2*c + 9*c. Calculate the remainder when c is divided by 0/((-2)/y) + 11.
10
Suppose 0 = 2*x - 7*x + 5, -4*x - 17 = -3*s. Calculate the remainder when 14 is divided by s.
0
Let l = 115 - 105. Calculate the remainder when l is divided by 1/4 + 15/4.
2
Let d(a) = 4*a**3 + 7*a**2 - 6*a. What is the remainder when 29 is divided by d(1)?
4
Let z be (4 + 3)/(0 + -1). Let r(f) = -2*f - 4. What is the remainder when 28 is divided by r(z)?
8
Let i(u) be the third derivative of u**6/30 - u**4/24 - 4*u**2. Calculate the remainder when 11 is divided by i(1).
2
Let w = 0 - -1. Calculate the remainder when 1 - 1/(3/(-15)) is divided by w/(-3)*-3*4.
2
Let a(i) = 2*i**2 - 3*i - 1. Suppose -4*j - 4*t + 12 = 0, -j - 16 = 2*j - 2*t. Calculate the remainder when 37 is divided by a(j).
11
Calculate the remainder when 158 is divided by (13/((-13)/3))/((-3)/32).
30
Suppose -4*q + 119 = 5*p, -p - q + 23 = -0*p. Calculate the remainder when 1734/p + (-8)/36 is divided by 22.
20
Let g(z) = z - 2. Let t be g(7). Calculate the remainder when 13 is divided by t + (0 - (-4)/2).
6
Suppose 0 = 3*b - 31 - 74. Calculate the remainder when 0 + (3 - -133 - -3) is divided by b.
34
Let y = 20 - 15. Suppose -5*s + 123 = 3*w, -5*w - 115 = -3*s - 2*s. Suppose s = 3*r - 0*r. What is the remainder when r is divided by y?
3
Let b = 54 - -56. Suppose 0 = 8*x - 3*x - b. What is the remainder when x is divided by 12?
10
Let b = 74 - 48. What is the remainder when 51 is divided by b?
25
Let j(y) = -y**3 - 9*y**2 + 9*y + 15. Let q be j(-10). Suppose 3*g + m + q = 4*g, 3*m - 93 = -5*g. Calculate the remainder when (g/28)/(1/36) is divided by 15.
12
Suppose 3*x + 5*y + 2 = 0, -3*y + 0*y - 3 = 0. What is the remainder when 13 is divided by 10*((-1)/2 + x)?
3
Suppose 5*p - 11 = -3*o + 2*o, -5*o - 3*p = 33. Calculate the remainder when 20 - -2*o/(-6) is divided by 9*1 + -1 + 0.
7
Let u(b) = 3*b + 2. Let j = 13 - 8. Calculate the remainder when u(j) is divided by 9.
8
Let h = -92 - -138. Let a = 31 + -15. What is the remainder when h is divided by a?
14
Let c(u) = -u + 4. Let o be c(6). Let s(z) = z + 4. Let b be s(o). Suppose -b*l + 55 = -63. What is the remainder when l is divided by 20?
19
Let j = 6 - 16. Let u be ((-24)/30)/(4/j). Calculate the remainder when 26 is divided by (-1)/u - 76/(-8).
8
Let m(p) = p**3 - 15*p**2 + 26*p + 10. Let r be ((-10)/(-3))/(1/(-3)). Let f = r + 16. Calculate the remainder when m(13) is divided by f.
4
Suppose 109 = 4*y - 179. Calculate the remainder when y is divided by 25.
22
Suppose l + 9 = 2*l. Suppose -4*n + 2*v + 2*v = -100, -v + 75 = 3*n. Calculate the remainder when n is divided by l.
7
Suppose -3*t + 8 + 1 = 0. Suppose 0*z - t*z + 39 = 0. Calculate the remainder when 50 is divided by z.
11
Let y(x) = x**2 - 4*x - 13. Let u be y(7). Suppose -3*m = 2*t + 2*t - 15, 4*t = 4*m + u. Calculate the remainder when 3 is divided by t.
0
Suppose 2*n + 126 = 4*w, -w - w = 3*n - 59. Calculate the remainder when 59 is divided b